{"id":74,"date":"2017-01-02T20:52:39","date_gmt":"2017-01-02T19:52:39","guid":{"rendered":"http:\/\/nuanceblog.nuancecreation.fr\/?page_id=74"},"modified":"2017-02-07T10:47:27","modified_gmt":"2017-02-07T09:47:27","slug":"acces","status":"publish","type":"page","link":"https:\/\/nuanceblog.nuancecreation.fr\/?page_id=74","title":{"rendered":"Acc\u00e8s"},"content":{"rendered":"<p><iframe loading=\"lazy\" style=\"border: 0;\" src=\"https:\/\/www.google.com\/maps\/embed?pb=!1m18!1m12!1m3!1d2810.903106858398!2d5.777036015438724!3d45.20929617909877!2m3!1f0!2f0!3f0!3m2!1i1024!2i768!4f13.1!3m3!1m2!1s0x478af5bffc1265d7%3A0x5729a613ddce9f8f!2sVaillier+Catherine+Nuance!5e0!3m2!1sfr!2sfr!4v1486460247755\" width=\"600\" height=\"450\" frameborder=\"0\" allowfullscreen=\"allowfullscreen\"><\/iframe><\/p>\n<p>&nbsp;<\/p>\n<p><img loading=\"lazy\" class=\" wp-image-879 alignleft\" src=\"http:\/\/nuanceblog.nuancecreation.fr\/wp-content\/uploads\/2017\/01\/PlanAcces-1-300x281.png\" alt=\"PlanAcces\" width=\"257\" height=\"241\" srcset=\"https:\/\/nuanceblog.nuancecreation.fr\/wp-content\/uploads\/2017\/01\/PlanAcces-1-300x281.png 300w, https:\/\/nuanceblog.nuancecreation.fr\/wp-content\/uploads\/2017\/01\/PlanAcces-1.png 400w\" sizes=\"(max-width: 257px) 100vw, 257px\" \/>Sur la Rocade Sud <em><strong><span style=\"color: #008000;\">depuis<\/span><\/strong><\/em> <span style=\"color: #008000;\"><em><strong>LYON &#8211; GAP &#8211; BRIANCON<\/strong> <\/em>:<\/span> direction de CHAMBERY sur la A41. Puis 1\u00e8re Sortie MEYLAN EST &#8211; ZIRST (pas de n\u00b0 de sortie)<\/p>\n<p><span style=\"color: #008000;\"><em><strong>Depuis CHAMBERY<\/strong><\/em><\/span> sur la A41 : sortie 26 (derni\u00e8re sortie avant Grenoble)<br \/>\nMEYLAN EST &#8211; Innovall\u00e9e<\/p>\n<p><span style=\"color: #008000;\"><em><strong>Depuis GRENOBLE<\/strong><\/em><\/span> sur la RN 90 apr\u00e8s &#8220;Carrefour Meylan&#8221; : prendre \u00e0 droite (face \u00e0 Paquet Jardin). Suivre l&#8217;avenue du VERCORS jusqu&#8217;au 1bis (\u00e0 droite apr\u00e8s Mairie de Meylan)<\/p>\n","protected":false},"excerpt":{"rendered":"<p>&nbsp; Sur la Rocade Sud depuis LYON &#8211; GAP &#8211; BRIANCON : direction de CHAMBERY sur la A41. Puis 1\u00e8re Sortie MEYLAN EST &#8211; ZIRST (pas de n\u00b0 de sortie) Depuis CHAMBERY sur la A41 : sortie 26 (derni\u00e8re sortie avant Grenoble) MEYLAN EST &#8211; Innovall\u00e9e Depuis GRENOBLE sur la RN 90 apr\u00e8s &#8220;Carrefour Meylan&#8221; &hellip; <a href=\"https:\/\/nuanceblog.nuancecreation.fr\/?page_id=74\" class=\"more-link\">Continue reading <span class=\"screen-reader-text\">Acc\u00e8s<\/span> <span class=\"meta-nav\">&rarr;<\/span><\/a><\/p>\n","protected":false},"author":1,"featured_media":0,"parent":0,"menu_order":0,"comment_status":"closed","ping_status":"closed","template":"","meta":[],"_links":{"self":[{"href":"https:\/\/nuanceblog.nuancecreation.fr\/index.php?rest_route=\/wp\/v2\/pages\/74"}],"collection":[{"href":"https:\/\/nuanceblog.nuancecreation.fr\/index.php?rest_route=\/wp\/v2\/pages"}],"about":[{"href":"https:\/\/nuanceblog.nuancecreation.fr\/index.php?rest_route=\/wp\/v2\/types\/page"}],"author":[{"embeddable":true,"href":"https:\/\/nuanceblog.nuancecreation.fr\/index.php?rest_route=\/wp\/v2\/users\/1"}],"replies":[{"embeddable":true,"href":"https:\/\/nuanceblog.nuancecreation.fr\/index.php?rest_route=%2Fwp%2Fv2%2Fcomments&post=74"}],"version-history":[{"count":12,"href":"https:\/\/nuanceblog.nuancecreation.fr\/index.php?rest_route=\/wp\/v2\/pages\/74\/revisions"}],"predecessor-version":[{"id":1194,"href":"https:\/\/nuanceblog.nuancecreation.fr\/index.php?rest_route=\/wp\/v2\/pages\/74\/revisions\/1194"}],"wp:attachment":[{"href":"https:\/\/nuanceblog.nuancecreation.fr\/index.php?rest_route=%2Fwp%2Fv2%2Fmedia&parent=74"}],"curies":[{"name":"wp","href":"https:\/\/api.w.org\/{rel}","templated":true}]}}